hest common divisor of 21 and 651692664.
21
What is the greatest common factor of 7560387 and 6?
3
What is the greatest common factor of 2933 and 157101?
7
Calculate the highest common divisor of 906 and 665958.
6
What is the greatest common divisor of 661548 and 372?
12
What is the greatest common divisor of 414 and 304382?
46
Calculate the highest common factor of 6657725 and 1580.
395
Calculate the greatest common factor of 2460 and 8511260.
20
What is the greatest common divisor of 455 and 17675515?
65
What is the greatest common divisor of 12372 and 4880?
4
What is the greatest common divisor of 89307366 and 6?
6
What is the greatest common divisor of 52380 and 246?
6
What is the highest common factor of 26775 and 69075?
225
Calculate the highest common divisor of 540 and 32419470.
30
What is the greatest common factor of 17257856 and 12978?
1442
Calculate the highest common factor of 8019 and 45177.
33
Calculate the greatest common factor of 203498 and 2.
2
What is the highest common divisor of 118485 and 720?
45
Calculate the greatest common factor of 10152623 and 52.
13
Calculate the highest common divisor of 2150283 and 47322.
717
What is the greatest common factor of 827365 and 280?
35
Calculate the highest common divisor of 4958 and 59597639.
2479
What is the highest common factor of 95266131 and 174?
87
What is the highest common factor of 154668 and 70572?
12
Calculate the greatest common factor of 4 and 4171870.
2
What is the highest common factor of 11926040 and 10887?
191
What is the highest common divisor of 33904 and 2568228?
8476
What is the highest common divisor of 9337785 and 105?
15
Calculate the greatest common factor of 1980 and 10749255.
165
What is the greatest common divisor of 662587 and 1720?
43
What is the greatest common divisor of 496730162 and 12523?
1789
Calculate the greatest common divisor of 75 and 101584275.
75
What is the greatest common factor of 327832554 and 126?
42
Calculate the highest common factor of 8024 and 509576.
8
What is the highest common divisor of 1037846 and 530?
106
Calculate the greatest common factor of 21033254 and 22.
22
What is the greatest common divisor of 305181 and 1519301?
127
What is the greatest common factor of 720366 and 2679?
57
What is the highest common factor of 1938774 and 145460?
2078
Calculate the greatest common factor of 392 and 200241881.
49
Calculate the greatest common divisor of 66640 and 344352.
272
Calculate the greatest common divisor of 102691386 and 987.
21
Calculate the greatest common factor of 214 and 6132705.
107
What is the greatest common factor of 130 and 10053771?
13
Calculate the greatest common factor of 29 and 1869871251.
29
Calculate the highest common divisor of 6 and 22504446.
6
What is the highest common factor of 53800794 and 459?
27
Calculate the greatest common divisor of 101138 and 3811402.
122
What is the highest common factor of 4809952 and 3547296?
3488
Calculate the greatest common factor of 724 and 1455059.
181
Calculate the highest common divisor of 1725 and 69146925.
75
What is the greatest common factor of 7298984 and 693?
77
What is the greatest common divisor of 10 and 3483545810?
10
What is the highest common factor of 11 and 1363355433?
11
Calculate the greatest common factor of 380 and 270117395.
95
Calculate the greatest common factor of 17975699 and 539.
49
Calculate the greatest common factor of 98887965 and 330.
165
Calculate the highest common divisor of 35 and 67856978.
7
What is the highest common divisor of 26432531 and 159?
53
What is the greatest common divisor of 11919 and 46032?
411
Calculate the greatest common factor of 33181092 and 72.
36
Calculate the highest common divisor of 836519 and 10064.
17
What is the highest common divisor of 2477 and 292840848?
2477
Calculate the greatest common divisor of 2856 and 15487752.
168
Calculate the greatest common factor of 3145491 and 198.
9
What is the highest common divisor of 2325 and 518289?
93
What is the greatest common factor of 2169132 and 66164?
476
What is the highest common factor of 10087 and 2920907?
1441
Calculate the greatest common divisor of 60593949 and 907.
907
What is the greatest common factor of 64387536 and 15544?
536
Calculate the greatest common divisor of 44 and 1993354.
22
Calculate the highest common factor of 897135 and 15.
15
Calculate the highest common factor of 12182738 and 786.
262
What is the highest common factor of 24 and 3513192?
24
What is the greatest common divisor of 9717 and 18204?
123
Calculate the greatest common divisor of 4176016 and 323.
17
What is the highest common factor of 8280808 and 456?
152
Calculate the highest common factor of 2039169 and 1647.
183
Calculate the greatest common factor of 8 and 59321272.
8
What is the greatest common divisor of 416 and 3725904?
208
Calculate the greatest common divisor of 4029 and 89006061.
237
What is the greatest common factor of 1140 and 369000?
60
Calculate the greatest common factor of 19232 and 8948890.
1202
What is the greatest common divisor of 330 and 1734689?
11
Calculate the greatest common divisor of 288 and 401051808.
288
What is the greatest common factor of 255 and 21238015?
85
What is the greatest common divisor of 42 and 54800634?
42
What is the greatest common factor of 2148846080 and 9840?
3280
What is the greatest common divisor of 2545758 and 1858634?
1214
Calculate the highest common factor of 18358 and 18069752.
274
What is the greatest common factor of 19465839 and 270?
27
Calculate the highest common divisor of 31214512 and 448.
112
What is the highest common factor of 2337864 and 48?
24
Calculate the greatest common factor of 138 and 16544751.
69
What is the highest common divisor of 2730510 and 126?
18
What is the highest common divisor of 4285583 and 6726?
1121
What is the greatest common divisor of 11390511 and 320551?
1991
Calculate the greatest common divisor of 21568 and 31504.
16
What is the highest common divisor of 8795052 and 8092?
476
What is the greatest common divisor of 177 and 9033?
3
What is the highest common factor of 474713 and 9040?
113
Calculate the highest common factor of 253722856 and 464.
232
Calculate the greatest common divisor of 10200 and 1075352.
136
What is the highest common divisor of 2829 and 4661454?
123
Calculate the greatest common factor of 117887657 and 1466.
733
Calculate the greatest common factor of 9234 and 723737835.
4617
Calculate the highest common factor of 27735895 and 935.
55
Calculate the highest common factor of 27470 and 1888730.
670
Calculate the highest common divisor of 18693 and 3169502.
2077
Calculate the greatest common divisor of 680 and 4210931280.
680
What is the greatest common divisor of 571627 and 158242?
889
Calculate the greatest common divisor of 4982071 and 3468.
289
Calculate the highest common divisor of 1908 and 9437364.
36
What is the highest common divisor of 654522 and 1487761?
2321
What is the greatest common factor of 59622 and 11346?
6
What is the highest common divisor of 2226 and 6246633?
159
What is the highest common divisor of 305703 and 342?
9
Calculate the highest common divisor of 64607342 and 4.
2
What is the greatest common divisor of 6406236 and 9396?
108
Calculate the highest common factor of 2443881 and 15.
3
Calculate the greatest common divisor of 45669151 and 9136.
571
What is the greatest common divisor of 26445 and 6316829?
1763
Calculate the highest common factor of 685254 and 1710.
114
What is the greatest common factor of 3224 and 49097800?
248
What is the highest common divisor of 1011535 and 3395?
35
Calculate the highest common factor of 63448440 and 213.
213
Calculate the greatest common factor of 1515 and 1110690.
15
Calculate the greatest common divisor of 12707 and 61207.
97
What is the highest common divisor of 828 and 43494120?
36
What is the greatest common factor of 7046477 and 36232?
647
Calculate the greatest common factor of 71371465 and 88.
11
What is the highest common divisor of 49491 and 19035?
3807
Calculate the greatest common factor of 2209 and 131177.
47
What is the highest common divisor of 414 and 1520622?
414
What is the highest common divisor of 45856 and 7168?
32
Calculate the highest common divisor of 89662756 and 16.
4
What is